ivative of g(l). Give q(7).
-2
Let v be -2 + 5 - ((24 - -6) + -11). Let o(d) = d**3 + 17*d**2 + 19*d + 55. Calculate o(v).
7
Let d(w) = -w**3 + 4*w**2 + 3*w - 1. Let u be (24/(-9))/(22/(-1419)). Suppose 173*s = u*s + 4. Give d(s).
11
Let k(l) be the second derivative of -l**5/20 + l**4/12 + 5*l**2/2 + l + 24. Give k(3).
-13
Let v(i) = -297*i**2 - 16*i - 2. Let c(d) = 127*d**2 + 8*d + 2. Let k(p) = 7*c(p) + 3*v(p). What is k(-6)?
-112
Let k(u) be the second derivative of -u**5/20 - 5*u**4/6 + u**3/2 - 5*u**2 + 863*u + 1. Determine k(-10).
-40
Let t(g) = g + 2. Let r(d) = -2*d - 4. Let y(o) = -3*r(o) - 7*t(o). Let n(c) = 1. Let f(a) = 2*n(a) - 2*y(a). Suppose -75*m - 54 = 46*m + 672. Calculate f(m).
-6
Suppose -2*a + 50 = 3*a. Let g(r) be the third derivative of -r**6/120 + r**5/6 + r**3/2 + 83164*r**2. Determine g(a).
3
Let k(d) be the second derivative of 1/3*d**3 + 209*d + 0 - 11/2*d**2. Determine k(8).
5
Let r = -4 - -12. Suppose r*b - 11*b - 3 = 0. Let z(o) = -81 - o + 81 + 2*o**2. What is z(b)?
3
Suppose -5*u - 4*p + 222 = 0, 2*u + p - 48 - 42 = 0. Let h(d) = -71*d**3 - 6*d + 7 + 116*d**3 - u*d**3 + 1 + 0*d + 8*d**2. Calculate h(7).
15
Suppose 15 = 5*y - 20. Let k(u) be the third derivative of -u**5/60 + 11*u**4/24 + u**3/2 + 220*u**2 - 4*u. What is k(y)?
31
Let y be 6/(3/(-1))*(22 - 532/24). Let i(f) be the third derivative of 0*f - y*f**3 + 0 + 8*f**2 - 1/6*f**4. Determine i(-4).
14
Let m(v) = -25*v**3 + 17*v**2 - 17*v - 18. Let p(b) = -54*b**3 + 35*b**2 - 35*b - 36. Let k(l) = 13*m(l) - 6*p(l). What is k(9)?
45
Let a(p) be the first derivative of p**4/4 - 10*p**3/3 + 3*p**2 + 9*p - 748. Give a(10).
69
Let a(p) be the first derivative of p**3/3 - 11*p**2/2 + 12*p - 1. Suppose -2*f - 4*f = 2130. Let n = f - -364. Calculate a(n).
-6
Let i(c) = -2*c + 13. Let q(r) = -19*r + 41. Let b(z) = -5*z + 10. Let h(g) = 22*b(g) - 6*q(g). Let k(a) = 6*h(a) + 11*i(a). What is k(10)?
7
Suppose 0 = -5*z + 7*z - 4. Let k(d) = 2*d + 2*d**2 + 2*d - 3 + 0*d**2 + 0*d**2 - d**z. Let j(c) = c**3 + 5*c**2 + 4*c - 5. Let u be j(-4). Give k(u).
2
Let g(l) be the third derivative of -l**6/120 + 7*l**5/60 + l**4/12 - 5*l**3/3 - 132*l**2. Calculate g(7).
4
Let d(f) = -305*f - 28. Let k(p) = -87*p - 9. Let j(g) = -2*d(g) + 7*k(g). Suppose -q + 16 = -3*c, -4*q + 2*q = 4. Let u be 7/3 + (-4)/c. What is j(u)?
-4
Suppose 4*d - 20 = 9*d + 5*d. Let r(l) = 6*l**2 + 3*l - 3. Determine r(d).
15
Let i(f) = -4*f**3 - 15*f**2 + 32*f + 19. Let g(y) = -y**3 - 5*y**2 + 10*y + 5. Let d(z) = -7*g(z) + 2*i(z). Let c = 17 + -13. Determine d(c).
-5
Let k(y) be the first derivative of -y**4/4 - y**2/2 - 5*y - 908. What is k(3)?
-35
Let a(x) = 2*x**2 - 2*x + 2. Let b(q) = 1245*q + 2497. Let g be b(-2). Give a(g).
86
Let j(c) be the second derivative of -c**5/20 + 2*c**4/3 - 3*c**3/2 + 5*c**2 - 7*c. Let v be (-3 - (-57)/21) + 46/14. Suppose -v*f - 2*f = -35. Give j(f).
-4
Let v(a) be the third derivative of -a**6/120 - a**5/12 + 7*a**4/12 - 5*a**3/2 + 104*a**2 + 2*a. Give v(-7).
-15
Let y be (-54)/(-14) - (6 + 86/(-14)). Let c(w) = 1 - 9*w + y*w - w**2 - 3*w + 4*w. Determine c(-4).
1
Let u(x) be the third derivative of 0 - 122*x**2 + 0*x + 1/8*x**4 + 2/3*x**3. Determine u(-9).
-23
Let x(n) be the third derivative of -2*n**5/15 - n**4/24 + 2*n**2 + 1397. Calculate x(-1).
-7
Let d(s) = 4*s - 21 - 2*s + 16110*s**2 - 16111*s**2 + 11*s. Give d(7).
21
Let m(i) = -15*i - 6. Let c = -715 - -709. Give m(c).
84
Let g = 23 + -23. Let k(t) = 7*t + 11. Let j(f) = 5*f + 11. Let d(h) = -4*j(h) + 3*k(h). Give d(g).
-11
Suppose -29154*d + 29067*d = 0. Let j(y) = 3*y + 45. Calculate j(d).
45
Let v(q) = -134*q - 552. Let k(r) = 8*r + 33. Let w(b) = -100*k(b) - 6*v(b). Determine w(5).
32
Let q(l) = -355 + 11*l + 547 + 4*l + 13*l. What is q(-7)?
-4
Let a(r) = 95*r + 2. Let h(c) = 20*c + 1. Let t(l) = -a(l) + 6*h(l). Give t(-3).
-71
Let t(j) = 5 - j - 4 - 2 - j. Let m be t(-8). Suppose -13 = h - n, h - m = 6*h + 5*n. Let d(y) = y**2 + 11*y + 9. Give d(h).
-15
Let i(o) = -o**2 + 17*o. Let g(t) = t**2 - 18*t. Let y(c) = -4*g(c) - 3*i(c). Let s be y(21). Let n(j) = j**2 - j + 10. Determine n(s).
10
Let p be 13/((-26)/(-8)) - (0 - 1). Suppose -36 = p*l + 114. Let m = -17 - l. Let n(j) = -j**2 + 12*j + 14. What is n(m)?
1
Let m(h) = -h**2 + 6*h - 5. Let v be m(4). Let y(x) = 4*x**2 + 0*x - 5 + x**3 - x + v*x - 4*x. Let r(k) = k**2 - 16*k + 59. Let j be r(9). Calculate y(j).
3
Let w(v) be the third derivative of -v**4/24 - 7*v**3/6 - 409*v**2 + 3. Suppose 0 = 2*r - 4*j + 18, -4*j - j = 0. Give w(r).
2
Let k(i) be the first derivative of i**4/4 + 7*i**3/3 + i**2/2 - 9*i + 59. Suppose 0 = 3*j + 61 - 40. Give k(j).
-16
Let k(g) = -35566 - 5*g - 35611 + 71125. What is k(-4)?
-32
Let x(f) = -164 - 120 - 21*f + 435 - 158. Calculate x(6).
-133
Let t be 118/(1 - (3 + -4)). Let s(w) = -5 - 177*w + t*w + 59*w + 55*w. Give s(-3).
7
Suppose -40*b = 216*b. Let s(i) = i + 3*i**2 + 2 - 4*i**2 + 4. Give s(b).
6
Let h(n) = -2*n**2 - 2*n**2 + n + 3*n**2. Let p be (3/4)/(29/116). Calculate h(p).
-6
Let v(z) = 2*z**2 + 45*z - 93. Let f be v(2). Let b(d) = 5*d - 20 + 2*d + 14 - d**2. Determine b(f).
4
Let z(x) be the first derivative of 68 + x - 1/2*x**2. Suppose -2 - 8 = -2*y. Calculate z(y).
-4
Let v(n) = 2*n**2 + 9*n + 11. Let d(z) = z**3 + 16*z**2 + 75*z + 144. Let h be d(-10). Determine v(h).
29
Let g(h) be the second derivative of 2*h**2 - 1/2*h**4 + 15 + h**3 - 3*h - 1/20*h**5. Suppose 0 = -2*m - 3*c + 1 - 27, -c = m + 11. Determine g(m).
11
Let m(n) = 4*n + 10. Let h(f) = -31*f - 27 + 8*f + 11*f. Let s(b) = 3*h(b) + 8*m(b). What is s(3)?
-13
Let k(t) = -3*t**3 + 3*t**2 - 2*t + 1. Let f(q) = 6*q + 15 + 29 + 24. Let c be f(-11). Determine k(c).
-15
Let c = 44 + -41. Suppose -6*b = c*b - 9. Let n be (b*(-4)/(-12))/(3/36). Let i(q) = q**3 - 5*q**2 + 4*q + 1. Give i(n).
1
Let i(j) be the third derivative of j**6/120 - 11*j**5/60 + 5*j**4/12 - 2*j**2 + 280*j. What is i(10)?
0
Let u(h) = 414*h + h**2 - 179*h + 26 - 127*h - 123*h. What is u(8)?
-30
Let n be (2/(-1))/((-2)/9). Let f(y) = -5*y**2 + n*y**2 - 2 + y**3 + 25*y - 31*y. Let v = -13 - -8. Determine f(v).
3
Let g(u) be the third derivative of u**6/24 - 7*u**5/30 + u**4/6 + 1469*u**2. Determine g(3).
21
Let y = -123 - -208. Let j = y + -89. Let x(c) = 3*c**2 + 5*c + 3. Let f(l) = 2*l**2 + 4*l + 3. Let s(r) = 4*f(r) - 3*x(r). Calculate s(j).
-17
Let s = 22 - 19. Suppose 0 = -3*b + 3*u + 33, -u = -s*b + b + 17. Let o(m) = 6*m - 3*m**2 - b*m - m**3. Determine o(-3).
0
Let r be ((-180)/(-390))/(56/26 + -2). Let q(w) = -w**2 + 4*w - 1. Determine q(r).
2
Let j = -88 + 82. Let w be (-16)/j + 76/57. Let l(c) = -c**3 + 3*c**2 + 6*c - 4. What is l(w)?
4
Let j(r) = -3*r**2 + 2*r + 1. Let z(h) = 19*h**2 - 2*h - 86. Let k(a) = 6*j(a) + z(a). Give k(5).
-5
Let u(f) = -f**3 - 4*f**2 - 2*f - 4. Let r be ((-4)/3 - (-44)/132)*-10. Let t be -1 + 1 + (3 - -8). Suppose -t*d - 3 = -r*d. Calculate u(d).
-7
Let y(f) = f**3 - f**2 - f + 42. Let v be (4 + 3 + -7)*2*1/(-2). Give y(v).
42
Let y(t) = -251 + 9*t + 214 - 21*t + 21*t. Determine y(6).
17
Let f = -5 + 77. Suppose 66*i - f*i - 48 = 0. Let k(r) = r**3 + 8*r**2 - 4*r - 7. What is k(i)?
25
Let i(y) = 0*y + 3 - 5*y - y. Let g be (-4)/(-4 - 56/(-12)). Let o(n) = 7*n - 3. Let v(p) = g*i(p) - 5*o(p). What is v(8)?
5
Let s(z) = -32*z + 217. Let x be s(14). Let a = -226 - x. Let n(i) = 3 - 4 - 7 + i. Give n(a).
-3
Let o(m) = 11*m - 10. Let j(v) = -v**3 - 41*v**2 - v - 36. Let f be j(-41). Give o(f).
45
Let g(z) = z**2 + 5*z - 8. Suppose 0 = -16*u - 49 + 113. Let r = 1 + 2. Suppose -u*p - 24 = 2*a, -r*p - 4*a - 2 - 11 = 0. What is g(p)?
6
Let i(g) = -g**2 + 3*g + 5. Suppose -364*w + 358*w = 0. Determine i(w).
5
Let r(b) be the first derivative of b**4/4 + 4*b**3/3 - 2*b**2 + b + 1. Let j(q) = 4*q**2 + 163*q - 392. Let a be j(-43). What is r(a)?
-4
Let x(l) = 6*l + 40. Let y(z) be the second derivative of z**3/6 + 4*z**2 + 7*z - 5. Let w(t) = -2*x(t) + 11*y(t). Calculate w(10).
-2
Let h(p) = 3*p**2 - 2*p + 1. Suppose 2*m - 4 = k, 12 - 32 = 5*m + 5*k. Let x be 3/12 - (-7)/4. Suppose -4*r = -l - m*r - 2, -x*l - 4*r + 8 = 0. Give h(l).
9
Let v(w) = -5*w**3 + 2 + 8*w - 8*w**2 + 6*w**3 - 9. Suppose 2*j = i + 538, -40*j = 5*i - 41*j + 2690. Let p = i - -545. Det